3)/5*(a + -4). Give o(s).
-10
Let q(o) = o**3 - 4*o**2 - 2*o + 6. Let v be q(4). Let m(j) be the second derivative of -1/3*j**3 - 6*j + 0*j**2 + 0. Calculate m(v).
4
Let v(p) = -368*p**2 + 12 + 0*p**3 + p**3 + 367*p**2 + 0*p**3. Give v(0).
12
Let h be (4 + -2)*(-5)/2. Let k(t) be the third derivative of -1/3*t**3 + 0 - 6*t**2 + 0*t - 1/12*t**4. Determine k(h).
8
Let g be (2 - (-2 + 2)) + 10. Suppose g = -0*i - 6*i. Let y(r) = 3*r + 3. Give y(i).
-3
Let k(b) = b + 2. Let w(p) = p + 3. Let a(r) = -4*k(r) + 3*w(r). Let t(d) = d**2 - 7*d - 22. Let q be t(11). Let l = 22 - q. Determine a(l).
1
Suppose -3*y = -5*s + 35 + 5, -5 = y. Let j(t) = -5. Let v(c) = -5*c + 15. Let f(a) = -a. Let i(o) = 6*f(o) - v(o). Let k(z) = -2*i(z) + 7*j(z). Give k(s).
5
Let i(m) = 4*m + 1. Suppose 0 = -f + 1 - 3. Let p(u) = -u**2 - u. Let v be p(f). Determine i(v).
-7
Suppose 7*v + 0 + 7 = 0. Let w(f) = 2*f**3 + 1. Determine w(v).
-1
Let b = -22 - -35. Let l = -8 + b. Let o(x) = -x**3 + 4*x**2 + 2*x + 7. What is o(l)?
-8
Let j be -2*3*(-2)/(-6). Let p(h) = h**3 + 3*h**2 - 6*h + 5. Let w(v) = v**3 - v**2 + 1. Let i(d) = j*w(d) + p(d). Calculate i(4).
-5
Let f(y) = -7*y - 1. Let m be -2*((-12)/(-8))/(-3). What is f(m)?
-8
Let n be 63/14 - ((-3)/(-2))/1. Let m(j) = -j - 3. Calculate m(n).
-6
Let j(q) be the third derivative of -q**5/10 - q**4/24 + 2*q**2. Give j(-1).
-5
Suppose 5*g = -2*w - 5, -5*g - 5 = w - 4*w. Let f(p) be the third derivative of -p**3 + 3*p**2 + w*p + 0 + 1/120*p**6 + 1/6*p**4 + 1/10*p**5. What is f(-5)?
-1
Let p = 25 + -22. Let q(i) be the first derivative of 3/2*i**2 + 1/3*i**3 + 2*i + p. Determine q(-2).
0
Let i be 2/(-8) - 9/(-4). Suppose 7*c - u - 15 = i*c, -u = -2*c + 6. Let d(w) = -w**2 + 1 - 4 + 5*w + 2 - w. Give d(c).
2
Let w(p) = 3*p**3 - 7 - 5*p**2 + 0*p**3 + 2*p - 2*p**3. Determine w(5).
3
Let j(r) = -2*r**2. Let o be (-6)/(2 + 8/(-2)). Let f(c) = -4*c**2 + c - 1. Let i(w) = o*f(w) - 7*j(w). Give i(-3).
6
Let t(i) = i**3 + 14*i**2 + i + 16. Let q be t(-14). Let m(d) = d**2 - d - 2. Calculate m(q).
0
Let c(h) be the second derivative of 4*h**3/3 - h**2/2 + 35*h - 2. Determine c(-2).
-17
Let c(a) = 5*a - 10*a + 6*a. What is c(-6)?
-6
Suppose l + 2*o - 1 = 0, -o - 3 = -3*l + 7. Suppose -x = -3*z + l*x - 6, -4*x - 4 = 2*z. Let c(k) = 2*k**3 + 3*k**2 + 2*k + 1. Calculate c(z).
-7
Let m(s) = -5*s + 7. Let o(y) = 4*y - 6. Let r(v) = -5*m(v) - 6*o(v). Let u be (30/4)/((-3)/(-6)). Suppose 10 = 5*f - u. Calculate r(f).
6
Let d(k) = -1 - k - 1 + 8. Let f(p) be the first derivative of 3*p**2/2 - 17*p + 1. Let a(n) = -8*d(n) - 3*f(n). Calculate a(6).
-3
Let a(i) = -2*i - 4. Let k(u) = -u**2 + 18*u + 5. Let v be k(18). Determine a(v).
-14
Let b(j) = j**2 + 12 + 3*j**2 - 3*j**2 - 10*j. Calculate b(9).
3
Let i(a) = -a**2 + 5*a - 1. Let q be (1*(-6)/(-4))/((-21)/(-70)). What is i(q)?
-1
Let y = -5 - -3. Let k(r) = -2*r. Let a(z) = -z + 1. Let t(c) = y*k(c) + 3*a(c). Let v(g) = -2*g**3 - 4*g**2 - 2*g. Let f be v(-2). Give t(f).
7
Let b(z) be the third derivative of -z**5/60 - z**4/8 - 14*z**2. Give b(-3).
0
Let h = -74 + 75. Let t(o) = -o**3 + o**2 + 1 - 5*o**3 + 4*o**3 - o. What is t(h)?
-1
Let s(f) = -f**3 + 2*f**2 + f + 3. Let n = -198 + 201. What is s(n)?
-3
Let d(v) = 4*v**2 - 6*v + 2*v - 3 - 3*v**2. Let j be (-12)/(-42) + (-26)/(-7). Determine d(j).
-3
Let g(y) = -2*y - 9. Let w(x) = 3*x + 17. Let m(s) = -5*g(s) - 3*w(s). Give m(0).
-6
Let q(p) = -5*p**2 - 4*p - 4. Let j(h) = 9*h**2 + 7*h + 7. Let k(z) = 4*j(z) + 7*q(z). Calculate k(0).
0
Let m(c) be the third derivative of c**4/6 - c**3/3 - 18*c**2. Determine m(-3).
-14
Let s(c) = -3*c + 3. Suppose -3*b + 2*v = 3*v + 12, 0 = -2*b - 2*v - 8. What is s(b)?
15
Suppose 4*z = 2*z + 8. Let p(s) = -s**2 + 5*s. Determine p(z).
4
Suppose 0 = 2*d - 3*s - 2*s - 8, d + 4*s = 4. Suppose -2*k = -6*k - d. Let q(a) = 6*a**2 - 1. Determine q(k).
5
Let j(w) = -w**3 - 3*w**2 + 3*w + 4. Let s(y) = -y**3 - 3*y**2 - y - 1. Let m be s(-2). Give j(m).
-5
Let t(o) = 7*o + 1. Let x(j) = 5*j**2 + 21*j - 16. Let c(i) = i**2 + 4*i - 3. Let p(s) = 11*c(s) - 2*x(s). Let z be p(-2). What is t(z)?
-6
Let k(x) be the third derivative of -x**7/5040 + x**6/360 - x**5/30 + 2*x**2. Let b(y) be the third derivative of k(y). Let g = 6 + -9. What is b(g)?
5
Let o(n) = -n + 4. Suppose 2*c = -2*c + 12. Let w be o(c). Let p(m) = 2*m**3 + 2*m**2 - 1. Determine p(w).
3
Let b be -6 - 1*(3 - 3). Let g(u) be the third derivative of -u**4/12 - 7*u**3/6 - u**2. Give g(b).
5
Let g be (-1)/2 - 2/(-4). Let k(w) = g*w**2 - 1 - 3*w**2 - 4*w + 3*w + w**2. Let x(z) = z**2 - 12*z - 14. Let b be x(13). Determine k(b).
-2
Let t = -8 - -10. Let o(g) be the second derivative of 1/3*g**3 + 0 + 2*g**t - 2*g. Determine o(-3).
-2
Let b = 10 + -9. Let r(u) = 2 - 4 + 6*u + b. Give r(1).
5
Suppose 4*x = 5*k - 24, -k = -4*x + 3 - 11. Let v(f) = 6*f**3 + f**2. What is v(x)?
-5
Let m(o) = -3*o**3 + 19*o**2 + 15*o + 5. Let s(w) = -5*w**3 + 29*w**2 + 23*w + 8. Let i(z) = -8*m(z) + 5*s(z). Give i(-6).
-6
Let o(k) = 5*k + 6. Let f(x) = -6*x - 6. Let a(p) = 4*f(p) + 5*o(p). Give a(-6).
0
Let i = -19 + 21. Suppose -15 = -i*d - 3*w, -33 = -5*d - w - 2. Let j(y) = 2*y + 4. Calculate j(d).
16
Let t(r) = -3*r**3 - 3*r**2 + 5*r + 0*r**2 + 2*r**3 + 7*r**2. Determine t(5).
0
Let o = -21 + 18. Let c be (-12)/(-6) + o/1. Let n(k) = -2*k + 4. Let s(h) = -4*h + 7. Let v(f) = -5*n(f) + 3*s(f). What is v(c)?
3
Let s(u) = -u**3 + u**2 - u - 1. Suppose -3*j = -0 - 3. Let n be (j + -3 - 1) + 3. What is s(n)?
-1
Let y(c) = -c - 4. Let r be y(-4). Suppose 5*m - 10 = r, -2*p + 5*p + 5*m = -5. Let g(d) = -d**2 - 3*d + 6. What is g(p)?
-4
Let v(y) = -11*y**3 + 3*y**2 + 2*y + 2. Let z(u) = 23*u**3 - 7*u**2 - 4*u - 5. Let a(d) = 7*v(d) + 3*z(d). Let r = -5 + 6. Let i = r - 0. Calculate a(i).
-7
Let m(h) = -4*h**3 + 16*h**2 - 2*h - 1. Let v(u) = u**3 - 5*u**2 + u. Let a(c) = 2*m(c) + 7*v(c). Let g be a(-4). Let j(k) = k - 2. Give j(g).
0
Let s = 22 - 29. Let b(o) = -o**2 - 5*o + 1. Give b(s).
-13
Let q = 1 + -7. Let f(x) = -x**3 - 5*x**2 + 6*x - 5. What is f(q)?
-5
Suppose -n = 5*k - 15 - 15, -5*k + 20 = -n. Let x(b) = -b - 2. What is x(n)?
-7
Let l(w) = -w - 8. Suppose -2*d - 7 = 5. Calculate l(d).
-2
Let a(t) be the first derivative of t**3/3 - 2*t**2 + 7. Give a(5).
5
Let g(o) = -4*o - 3. Let s be (-1)/(2/8) - 0. Give g(s).
13
Let w(z) = -7*z - 11. Let k(j) = -3*j - 6. Let r(a) = -5*k(a) + 2*w(a). Suppose -3*t + 7*s - 8 = 3*s, 6 = -4*t + 3*s. Determine r(t).
8
Let a(n) = n**3 - 7*n**2 + 7*n - 3. Suppose -4*l = -2*l - 44. Suppose 4*j - 3*r + 5*r = l, 0 = -3*j + 5*r + 23. What is a(j)?
3
Suppose -12 = -2*l + 2*i, 4*l + 0*l = 3*i + 20. Let f(m) = -4*m**2 + 3*m - 3. Give f(l).
-13
Let p(l) = l**2 - 8*l - 2 + 4*l - 2*l**2. What is p(-3)?
1
Let x(s) be the third derivative of 0*s - 1/6*s**3 + 0*s**4 + 0 - s**2 - 1/60*s**5. Let f(h) be the first derivative of x(h). Give f(-2).
4
Let v(j) be the third derivative of -j**4/24 + 4*j**3/3 + 11*j**2. Calculate v(0).
8
Let q(f) = 4 - 88*f**2 + 87*f**2 - 3. Determine q(-2).
-3
Let x = -6 + 5. Let r(l) = -l - 3. Let q be r(-6). Let z(i) = -q + 0 + 4*i**3 + i + 4. Give z(x).
-4
Let n = -6 - -8. Suppose 0 = n*z - 0*z. Let f(t) = 3*t + z - 5*t + 1. What is f(2)?
-3
Let r = -1 + -2. Let n(s) = -s**2 - 4*s - 2. Determine n(r).
1
Let h(k) = -k**2 + 2*k + 1. Suppose 0 = -0*q - 3*q - 3. Let a = q + 4. Let y be -4 + 3*2/a. Determine h(y).
-7
Let i(w) = 2*w**3 - 21*w**2 + 17*w + 8. Let y(m) = -m**3 + 10*m**2 - 8*m - 4. Let g(p) = -4*i(p) - 9*y(p). Let f be (-1)/2 + (-55)/(-10). Calculate g(f).
-1
Let t(s) be the second derivative of -s**5/20 + s**4/2 - 5*s**3/6 - 3*s**2 - 11*s. What is t(5)?
-6
Suppose -4*o - 4 = 12. Let x(q) = -q**2 - 2*q + 5. Let j be x(o). Let y(g) be the first derivative of 3*g**2/2 + 2*g + 19. What is y(j)?
-7
Let o(i) be the second derivative of 1/3*i**4 + 0 + 3*i - 1/6*i**3 + 0*i**2. Let m(k) = k**3 - 2*k**2 - 4*k + 2. Let q be m(3). Calculate o(q).
5
Let a(n) = 1. Let h be ((-2)/4)/((-1)/(-6)). Let t(y) = -y - 8. Let w(x) = h*t(x) - 24*a(x). Suppose 5*p = 3*f + 10, 3 = p - f + 1. Calculate w(p).
6
Let k = 59 + -82. Let m = 33 + k. Suppose 3*n - m = -1. Let l(g) = g**2 - 5*g + 4. Determine l(n).
-2
Let h(b) = b + 7. Let p be h(-5). Let v be ((-30)